7
Let x(c) = -c**3 - 17*c**2 + 56*c - 82. What is x(-20)?
-2
Let d(b) = -b**3 - 7*b**2 - 9*b - 3. Determine d(-5).
-8
Let y(x) = -20*x + 2. Calculate y(-3).
62
Let w(q) = -q**2 - 13*q + 35. What is w(-15)?
5
Let n(k) = -92*k + 2301. Determine n(25).
1
Let k(n) = 2*n**3 + 16*n**2 - 7. Determine k(-8).
-7
Let g(t) = -21*t + 211. What is g(9)?
22
Let c(x) = 2*x**3 + 5*x**2 - 2*x + 4. Give c(-4).
-36
Let l(x) = -x**2 + 38*x - 71. Calculate l(36).
1
Let t(x) = 2*x**2 + 14*x + 5. What is t(-7)?
5
Let r(t) = t**2 + 3*t - 10. What is r(3)?
8
Let o(y) = -y + 2. Determine o(3).
-1
Let n(d) = 2*d**3 + 27*d**2 - 16*d + 6. Give n(-14).
34
Let g(p) = p**3 + p**2 + 2*p + 10. Give g(0).
10
Let t(k) = -40*k**2 + 8*k - 7. Calculate t(1).
-39
Let p(d) = 3*d**2 - 4*d. What is p(-3)?
39
Let k(a) = -a**3 - 12*a**2 - 11*a - 3. Calculate k(-11).
-3
Let k(n) = -n**3 - 6*n**2 + 6*n + 1. Determine k(-7).
8
Let k(z) = z**3 + 6*z**2 - 2*z - 6. Give k(-6).
6
Let k(r) = r**2 - 6*r - 10. Determine k(-4).
30
Let b(v) = 21*v**3 - 9*v**2 - 9*v. Give b(-1).
-21
Let t(h) = -13*h - 69. What is t(-6)?
9
Let h(n) = -n**2 - 4*n - 2. Give h(2).
-14
Let f(n) = -n**2 - 5*n - 9. Calculate f(-4).
-5
Let s(l) = -l**3 - 8*l**2 - 18*l - 18. Determine s(-8).
126
Let n(s) = -s**2 - 12*s - 29. Give n(-7).
6
Let g(w) = w**3 - 8*w**2 + 7*w - 3. Give g(7).
-3
Let v(m) = m**3 - 12*m**2 + 34*m. Calculate v(7).
-7
Let k(c) = -27*c**2 + c. Determine k(-1).
-28
Let u(j) = j**3 - j**2 - 13*j + 3. Give u(5).
38
Let h(t) = -3*t + 3. Give h(-5).
18
Let n(r) = 11*r + 48. Calculate n(-6).
-18
Let m(j) = -2*j + 6. Determine m(-7).
20
Let k(z) = z**3 - 6*z**2 + 10*z + 4. Calculate k(5).
29
Let p(q) = -3*q + 2. Determine p(-10).
32
Let n(k) = 2*k - 4. Calculate n(-2).
-8
Let c(z) = 5*z + 14. Give c(13).
79
Let p(l) = -l**2 + 6*l + 5. What is p(8)?
-11
Let o(a) = a**3 + 11*a**2 - 17*a + 28. Calculate o(-12).
88
Let h(k) = -2*k**2 - 34*k - 141. What is h(-10)?
-1
Let s(j) = -35*j**2 - j. Determine s(1).
-36
Let m(d) = d + 9. What is m(-5)?
4
Let v(s) = 3*s - 51. Give v(21).
12
Let b(u) = -u**3 - 8*u**2 - 1. Determine b(-8).
-1
Let u(b) = -12*b - 181. Give u(-15).
-1
Let c(v) = v**3 + 4*v**2 - 13*v + 6. Give c(-6).
12
Let c(n) = n**3 + 3*n**2 - 12*n. What is c(-5)?
10
Let k(r) = -r**3 - 2*r**2 + 3*r + 6. What is k(2)?
-4
Let z(w) = -2*w**2 + 11*w + 51. What is z(8)?
11
Let h(g) = -3*g**2 - 13*g - 2. Determine h(-7).
-58
Let s(d) = 7*d**3 + d**2 + 3*d + 3. Determine s(-1).
-6
Let x(z) = -64*z**2 - 4*z - 9. Calculate x(-2).
-257
Let u(z) = 2*z**3 - 18*z**2 + 18*z - 14. Calculate u(8).
2
Let p(x) = -5*x - 40. Determine p(-10).
10
Let f(d) = -29*d**3 + d**2 - d + 1. Calculate f(1).
-28
Let h(b) = b**3 + 8*b**2 - 4*b + 43. Give h(-9).
-2
Let s(l) = 2*l - 32. Calculate s(14).
-4
Let f(a) = -a**2 - 12*a - 31. What is f(-5)?
4
Let s(q) = 2*q + 2. What is s(4)?
10
Let r(z) = 2*z**3 - 3*z**2 - 3*z + 6. What is r(2)?
4
Let a(z) = -17*z. Determine a(-1).
17
Let l(c) = c**3 + 13*c**2 - 16*c + 4. What is l(-14)?
32
Let g(s) = -14*s - 308. Give g(-22).
0
Let t(v) = -4*v**2 - 276*v + 4. Give t(-69).
4
Let f(p) = -p**3 + 5*p**2 - 9*p + 4. What is f(4)?
-16
Let m(w) = -6*w**2 - 5*w + 7. Determine m(3).
-62
Let l(y) = y**2 - 20*y - 175. Determine l(27).
14
Let o(x) = x**2 + 7*x - 28. Give o(-10).
2
Let k(m) = m - 33. Give k(5).
-28
Let y(t) = t**3 - 4*t**2 - t - 15. What is y(5)?
5
Let k(w) = -3*w + 76. Give k(24).
4
Let q(r) = -2*r**3 + r**2 + 4*r - 11. Determine q(3).
-44
Let j(c) = 2*c + 15. Calculate j(-10).
-5
Let x(q) = 3*q + 9. Give x(6).
27
Let y(b) = -2*b - 12. Determine y(7).
-26
Let f(x) = -x**3 + x**2 + x - 8. Calculate f(0).
-8
Let c(o) = o**2 + 24*o + 52. Determine c(-23).
29
Let y(q) = 23*q**3 + 3*q**2 - 5*q + 4. What is y(1)?
25
Let q(a) = 3*a + 29. Give q(-8).
5
Let j(a) = a**3 - 6*a**2 - 2*a + 7. What is j(7)?
42
Let g(f) = -f**2 - 24*f - 48. Calculate g(-21).
15
Let w(m) = -m**3 + 2*m**2 + 7*m + 1. Calculate w(4).
-3
Let i(z) = -4*z**2 - 24*z + 53. What is i(2)?
-11
Let g(n) = n**2 + 28*n + 87. Calculate g(-24).
-9
Let a(q) = -q**3 + 12*q**2 + 2*q - 19. Calculate a(12).
5
Let b(p) = -4*p**2 + 142*p - 70. Calculate b(35).
0
Let o(y) = -y**2 - 2*y + 17. Determine o(4).
-7
Let n(m) = -m**3 + 5*m**2 + 7*m + 4. What is n(6)?
10
Let m(y) = 4*y - 166. What is m(39)?
-10
Let j(l) = l**2 - 6*l + 9. Determine j(10).
49
Let j(l) = -l**3 + 11*l**2 + 4*l - 43. Calculate j(11).
1
Let u(y) = -y**3 + 7*y**2 - 3*y - 6. Calculate u(4).
30
Let q(r) = r**3 - 8*r**2 - 52*r - 12. Give q(-4).
4
Let c(y) = y**3 - 2*y**2 + y + 3. Determine c(0).
3
Let q(g) = -7*g**3 - g**2 + g + 1. Calculate q(-1).
6
Let q(o) = -o**2 - 13*o - 13. Determine q(-13).
-13
Let m(n) = 3*n - 7. Determine m(-4).
-19
Let y(k) = -k**2 - 20*k + 20. Calculate y(-21).
-1
Let s(f) = -2*f**2 + 10*f - 10. Determine s(4).
-2
Let b(v) = -v**2 + 7*v - 1. Calculate b(5).
9
Let t(p) = -8*p + 36. Give t(4).
4
Let r(z) = -z**2 + 3*z + 37. What is r(8)?
-3
Let j(u) = 3*u**2 + 7*u - 21. Determine j(3).
27
Let n(w) = w**3 - 6*w**2 - w - 1. Determine n(5).
-31
Let d(g) = -g**2 - 11*g + 7. Give d(-12).
-5
Let v(h) = 4*h + 5. Give v(-7).
-23
Let g(z) = -3*z**3 + 5*z**2 + 11*z - 6. Determine g(4).
-74
Let y(m) = -m**3 - 13*m**2 + 13*m - 18. What is y(-14)?
-4
Let o(m) = m**3 - m**2 + m + 10. Calculate o(0).
10
Let n(v) = -v**2 + 7*v. What is n(7)?
0
Let b(j) = -5*j + 105. Determine b(0).
105
Let a(v) = v**2 + 8*v + 1. What is a(-7)?
-6
Let c(m) = 9*m**2 - 2*m - 2. What is c(2)?
30
Let d(a) = -3*a**2 + 2*a + 2. Calculate d(-2).
-14
Let k(x) = -5*x + 9. Determine k(-5).
34
Let u(h) = 42*h + 626. Give u(-15).
-4
Let z(a) = -4*a + 3. Determine z(6).
-21
Let q(x) = x**3 - 3*x**2 + 2*x + 1. Give q(2).
1
Let p(m) = -m**3 + 23*m**2 - 59*m - 7. Give p(20).
13
Let b(y) = -8*y - 35. What is b(-3)?
-11
Let r(g) = 2*g - 20. What is r(15)?
10
Let z(r) = -4*r + 33. What is z(5)?
13
Let a(k) = k**3 - 19*k**2 - k - 46. Calculate a(19).
-65
Let h(l) = 8*l - 31. Give h(9).
41
Let o(l) = -2*l + 1. Give o(4).
-7
Let v(b) = 5*b + 6. Determine v(-5).
-19
Let g(l) = -l**3 - 3*l**2 - 4*l - 4. Calculate g(-2).
0
Let n(l) = -l**2 - 3*l + 4. Give n(-5).
-6
Let y(f) = -f + 2. Determine y(-3).
5
Let d(j) = j**2 - 9*j - 35. Determine d(11).
-13
Let p(n) = -2*n**2 - n - 1. Give p(2).
-11
Let z(q) = -q**3 + 4. Calculate z(2).
-4
Let h(r) = -r**2 - 22*r - 98. Determine h(-6).
-2
Let s(z) = 3*z - 54. Give s(18).
0
Let r(h) = h**2 + 11*h + 13. What is r(-10)?
3
Let o(y) = y**2 + 15*y + 2. What is o(-6)?
-52
Let j(f) = 4*f**2 - 47*f + 86. Calculate j(2).
8
Let d(c) = -c**2 + 6*c + 3. What is d(9)?
-24
Let q(f) = -3*f - 54. Determine q(-20).
6
Let i(o) = 8*o + 24. Calculate i(-5).
-16
Let r(u) = 11*u**3 + 1. What is r(-1)?
-10
Let q(i) = 9*i - 84. What is q(9)?
-3
Let l(w) = w - 45. What is l(12)?
-33
Let o(j) = j**3 + 28*j**2 + 27*j + 12. Give o(-27).
12
Let z(h) = h**3 - 2*h**2 - 3*h - 5. Determine z(4).
15
Let f(i) = -3*i**3 - 5*i**2 - 3*i + 1. What is f(-1)?
2
Let t(v) = -9*v - 5. Calculate t(-6).
49
Let l(z) = z**3 + z**2 - 11*z + 7. What is l(-5)?
-38
Let y(o) = o**2 + 4*o - 7. Calculate y(-7).
14
Let g(w) = -39*w**2 - 2*w. Determine g(-2).
-152
Let k(b) = 2*b**2 - 57*b + 233. Determine k(5).
-2
Let s(g) = g**3 - 6*g**2 - 5*g - 20. Calculate s(7).
-6
Let s(i) = i - 13. Give s(13).
0
Let q(g) = -50*g - 5. Determine q(2).
-105
Let f(d) = -2*d**2 + 3*d + 35. Calculate f(5).
0
Let k(f) = 2*f**2 + 4*f + 5. Calculate k(-6).
53
Let r(h) = h**2 - h - 11. Determine r(9).
61
Let i(u) = -12*u - 7. Determine i(-4).
41
Let h(a) = a**3 + 7*a**2 - 8*a - 8. Give h(-8).
-8
Let i(a) = 2*a**2 - 10*a + 7. What is i(5)?
7
Let x(f) = -f**3 - 46*f**2 + 46*f - 55. Calculate x(-47).
-8
Let k(u) = 49*u. Determine k(-1).
-49
Let o(l) = -l**2 + 11*l - 8. Determine o(7).
20
Let j(o) = -o**2 - 15*o + 22. Calculate j(-16).
6
Let h(v) = -4*v + 59. Give h(27).
-49
Let j(b) = 5*b**3 + 8*b**2 - 2*b + 2. Calculate j(-3).
-55
Let c(z) = z**2 - 172. Calculate c(-13).
-3
Let b(j) = -j**3 - 10*j**2 + 18*j + 21. What is b(-11)?
-56
Let m(q) = -q**3 + q**2 - 2*q + 4. Give m(0).
4
Let r(j) = -j + 6. Determine r(-6).
12
Let p(f) = -f**2 - 2*f + 3. Determine p(-4).
-5
Let d(k) = 31*k - 388. Give d(13).
15
Let l(b) = 7*b**2 - 52*b + 16. Calculate l(7).
-5
